 4*t + 4*n - 564 = 0, -3*t + 5*n - n + 395 = 0. List the prime factors of t.
137
Let w be ((-7)/(-28))/((-2)/(-8)). Let v be (3 + -5 + 2)/w. Suppose -3*c + 14 - 2 = v. List the prime factors of c.
2
Suppose 130 = 2*y + 3*y. What are the prime factors of y?
2, 13
Suppose 357 + 6 = 3*a. What are the prime factors of a?
11
Suppose 19*t - 21*t - 4*n + 276 = 0, 261 = 2*t + n. What are the prime factors of t?
2
Suppose 0 = w + 7 - 1. What are the prime factors of ((-14)/6)/(2/w)?
7
Let b(d) = -4*d**2 - 3*d**2 - d**2 - d**3 - 3*d + 2*d**2 + 8. What are the prime factors of b(-6)?
2, 13
Let m(j) = -5*j - 5. Let h be m(-5). Suppose 4*f - 49 = l, -18 - h = -3*f + l. List the prime factors of f.
11
Let z be (-12)/(-3 - 39/(-12)). Let a = 70 + z. List the prime factors of a.
2, 11
Let t = 1 - 1. Suppose t = 4*a - s - 96, 0*s - 66 = -2*a - 4*s. List the prime factors of a.
5
Suppose 0 = -5*r + 5, -c + 3*r - 2*r = 5. Suppose -250 = 5*m - 10*m. List the prime factors of 2/c + m/4.
2, 3
Let j be (-10)/3*(-6)/4. Suppose 3 + 7 = j*i. What are the prime factors of (-2)/(27/(-12) + i)?
2
Let q = -32 + 20. Suppose 0*a = -2*a - 14. Let c = a - q. List the prime factors of c.
5
Let p(s) = 2*s - 4. Let o(u) = 3*u - 9. Let m(a) = 5*o(a) - 9*p(a). Let y be m(-6). Suppose -5*z = 3*l + y, 2*l - 3*z - 10 = 3. List the prime factors of l.
2
Let h = 145 + -43. Suppose -2*f - f = -3*q - h, 5*f + q - 146 = 0. What are the prime factors of f?
2, 3, 5
Let j(w) = -2*w**2 + 2*w - 1 - 6*w + 2*w - 25*w**3. Let y be j(-1). Let q = y - 14. List the prime factors of q.
2, 5
Let q = 5 + 43. Suppose -6 + q = 2*u. List the prime factors of u.
3, 7
Suppose 0 = -2*o - 80 + 28. Let d = o - -43. What are the prime factors of d?
17
Let q be 3/6 + (-26)/(-4). Let u = q + 0. What are the prime factors of u?
7
Let s(d) be the third derivative of 1/4*d**4 - 5/6*d**3 + 2*d**2 - 1/60*d**5 + 0 + 0*d. List the prime factors of s(4).
3
Suppose 0 = 4*q + 3*c - 10, -4*q + c = -2*q. List the prime factors of (3 - q)*(-244)/(-8).
61
Let n be 1*(33 + -4 + 2). Suppose -3*z = -5 - n. What are the prime factors of z?
2, 3
Suppose 5*p - 37 = -12. Suppose -d = -p*d + 8. Suppose -k + 7 = -d. What are the prime factors of k?
3
Suppose -3*o - 2 - 10 = 0. Let u(v) = -6*v**2 - 5*v. Let i be u(o). What are the prime factors of 4/(-18) + i/(-18)?
2
Let u be (-2*(-3)/(-2))/(-1). Suppose -5*x - u*s = s - 95, -x - 4*s = -35. What are the prime factors of x?
3, 5
Suppose 3*j - j + 30 = 0. What are the prime factors of 5/(j/(-147)) - 2?
47
Let h = 15 - -1. Let u = h + -1. List the prime factors of u.
3, 5
Let j(c) = -c**2 + 7. What are the prime factors of j(0)?
7
Let s(g) be the second derivative of -g**3/2 - 3*g**2/2 + 3*g. What are the prime factors of s(-9)?
2, 3
Suppose 89 = 5*d - 16. Suppose 5*y - 3*v = 3*y + d, 4*y = -3*v + 15. What are the prime factors of y?
2, 3
Let u(m) = -m - 2. Let g be u(-3). Suppose 0*t = -2*t. List the prime factors of (g - -1*2) + t.
3
Let f = 2 - -1. Suppose -5*v - 58 = -2*r, -2*r + f*r - 29 = -3*v. What are the prime factors of r?
29
Suppose -5*a = -t + 14, -3*a - 6 - 12 = -3*t. Let z(j) = 2*j - 6. What are the prime factors of z(t)?
2
Let l = 37 + 2. Let y = l + -17. Let q = 31 - y. List the prime factors of q.
3
Let t(y) = y**3 + 3*y**2 + 3*y + 2. Let d be t(-2). Suppose 2*r + d*r - 4 = 0. What are the prime factors of r?
2
Suppose -5*r + r = -116. Suppose 13 = o - r. What are the prime factors of o?
2, 3, 7
Suppose 0*b + 2*b + 12 = 0. What are the prime factors of 3*((-46)/b - 1)?
2, 5
Let p(o) = 2*o**2 - 2*o. Suppose -3*j + 2*j - 2 = 0. Let d be p(j). Suppose 0 = -4*b + 3*b + d. What are the prime factors of b?
2, 3
Let x = -12 - -42. What are the prime factors of x?
2, 3, 5
Let j(l) be the first derivative of -l**2/2 + 17*l - 1. List the prime factors of j(7).
2, 5
Suppose 0 = 4*c - 2*b + 26, -3*b + 5 - 38 = 2*c. Let t(q) = 2*q**3 + q**2 - 3*q + 2. Let x be t(2). Let g = x + c. What are the prime factors of g?
7
Suppose -2*c - 235 = -7*c. Suppose 5*k - 2 = 18. Suppose q + 2*n = 6*q - c, -k*n = -4*q + 40. What are the prime factors of q?
3
Let p(w) = -w**3 + 6*w**2 + 5*w + 4. Let k be p(7). Let j = -1 - k. List the prime factors of j.
3
What are the prime factors of (-609)/(-12) - (-4)/16?
3, 17
Suppose -201 + 66 = -5*a. Let p = -10 + a. What are the prime factors of p?
17
Let s = 3 + -3. Suppose k - 35 + 7 = s. Suppose -k = -3*h - 4. List the prime factors of h.
2
Suppose -j = -0*j - 10. Let m(r) = -r**2 + 12*r - 12. What are the prime factors of m(j)?
2
Let b be -22 + 0 - (2 + 0). Let t = -14 - b. What are the prime factors of (-4)/t - 37/(-5)?
7
Suppose 0 = -4*d + g + 136, -2 = -g - 6. List the prime factors of 555/d + (-6)/(-33).
17
Let m(h) = -8*h - 1. Let n(l) = -l**2 - 1. Let y be (-1)/((-3)/(-6)*2). Let r be n(y). What are the prime factors of m(r)?
3, 5
Suppose 0 = f + 2*j - 10, 0*j + 4*j - 14 = f. Suppose -s - 10 = 4*q, -s - f*q = 2*s. What are the prime factors of (s/5)/(2/40)?
2
Let t = -466 + 664. What are the prime factors of t?
2, 3, 11
Let v = 24 - 22. List the prime factors of v.
2
Suppose 0 = 4*j - 4*p + 2 + 18, 3*p = 4*j + 15. Let z = j + 0. Suppose z*k = k - 10. List the prime factors of k.
2, 5
Let u(q) = -q**2 - 8*q - 2. Let p be u(-7). Suppose -n - 56 = -p*n. What are the prime factors of n?
2, 7
What are the prime factors of 2/9 - 2676/(-108)?
5
Let q(h) = h - 1. Let f(p) = -p**2 - 7*p + 6. Let i(v) = -f(v) - 6*q(v). List the prime factors of i(-4).
2, 3
Let n be 6/2*(-2)/3. Let h be ((-6)/(-4))/((-1)/n). Suppose -h*g = -2*d - 25, -g = -0*g + 2*d - 19. List the prime factors of g.
11
Let w = -34 - -183. List the prime factors of w.
149
Let h(q) = -64*q**3 + 2*q**2 - 1. Let d be h(-1). Suppose -d + 17 = -3*m. What are the prime factors of m?
2
Let s(i) = -i + 9. Let j be s(0). Suppose 5*w = 3*r + 4, 2*r = -3*r - w + 12. Let h = j - r. List the prime factors of h.
7
Suppose k - 3 = -10. Let l(u) = 3*u - 7. Let a be l(-3). Let b = k - a. What are the prime factors of b?
3
Let k(l) = l - 4 + l - l. What are the prime factors of k(8)?
2
Let y = -273 + 441. What are the prime factors of y?
2, 3, 7
Suppose -3*c + 2*i = 57, 5*i = -5*c - 32 - 88. Let o = c - -30. What are the prime factors of o?
3
Suppose 5*h - 133 = -2*c, h = -c - 2*h + 65. Let o = c + -42. What are the prime factors of o?
2
Let q(f) = 12*f - 2*f - 1 - 4 + 0. List the prime factors of q(4).
5, 7
Suppose 0 = -y - 4*y + 235. List the prime factors of y.
47
Suppose -2*s - 3*f + 24 = 5, 0 = 3*s + 3*f - 33. Let v(i) = -s*i + 17*i**2 - 18*i**2 - 6 + 1. List the prime factors of v(-12).
19
Let i(u) = u**3 - 6*u**2 + 2. Let b be i(6). Suppose 18 = t + b*n, -5*t = 2*n - n - 90. List the prime factors of t.
2, 3
Let m(b) = 15*b + 6. What are the prime factors of m(14)?
2, 3
Let o(c) = -20*c - 14. List the prime factors of o(-2).
2, 13
List the prime factors of 1/(((-4)/52)/(2/(-1))).
2, 13
Suppose -5*i + 31 = 2*t + t, 3*i - 25 = -5*t. Suppose -j - t = -6*j - 4*d, 0 = 3*j - 5*d - 16. List the prime factors of j.
2
Let y(l) = -l**3 + 2*l**2 + 4*l - 10. What are the prime factors of y(-5)?
5, 29
Let k(p) = p - 3 - 13 + 11*p**2 - 4*p + p**3. Let o(f) = -2*f**2 - f - 11. Let a be o(0). What are the prime factors of k(a)?
17
Let p(k) = -k**3 - 4*k**2 - 2*k + 1. Let r be p(-3). Let q(l) = 0 + 3*l + 2*l**2 + 0*l + 0. List the prime factors of q(r).
2
Let b(r) = 3*r**2 + r - 3*r**3 + r**3 + r**3 + 1. List the prime factors of b(3).
2
Suppose -5*t + 18 - 43 = 0. Let a(y) = y**3 + 6*y**2 + 5*y + 6. Let j be a(t). List the prime factors of (16/(-6))/((-4)/j).
2
Let u(p) = 2*p**2 + p - 14. What are the prime factors of u(-6)?
2, 13
Suppose -5*s + 0 + 45 = 0. What are the prime factors of s + -5 + (-108)/(-3)?
2, 5
Suppose 6*t - 1236 = -0*t. List the prime factors of t.
2, 103
Let z be (3 - (2 + -2)) + 0. Suppose a = z*a. Suppose v = -y + 19, 3*v + 0*y + 4*y - 62 = a. What are the prime factors of v?
2, 7
What are the prime factors of 71 - 9/((-36)/16)?
3, 5
Suppose 0 = 2*n - 119 + 15. Let p be n/(-8) - (-1)/(-2). Let f = 0 - p. What are the prime factors of f?
7
Suppose 3*x + 16 = 5*x. Let a = x + -5. Let y = 0 + a. List the prime factors of y.
3
Suppose p - 6*p - 2*l = -72, -2*p = -4*l - 48. What are the prime factors